te g(26).
-17
Let l(h) = 8*h**2 - 1225*h - 1085. Give l(154).
-7
Let q(s) = -s**2 - 38*s + 172. What is q(-43)?
-43
Let z(m) = 2316*m - 43993. Calculate z(19).
11
Let k(z) = -5*z**3 + 15*z**2 + 47*z - 1. Calculate k(-3).
128
Let a(i) = -594*i + 5337. What is a(9)?
-9
Let j(v) = 4*v**3 + 103*v**2 - 28*v - 37. Calculate j(-26).
15
Let o(l) = -41*l + 390. What is o(9)?
21
Let w(h) = -h**2 + 6*h + 42. Give w(14).
-70
Let k(x) = -4*x - 58. Calculate k(-20).
22
Let w(h) = h**3 - 2*h**2 + 14*h - 42. What is w(3)?
9
Let s(z) = 2*z**2 - 48*z - 172. What is s(27)?
-10
Let x(c) = 4*c**3 - 51*c**2 - 75*c + 69. Give x(14).
-1
Let f(v) = 68*v**2 - 2047*v + 212. Determine f(30).
2
Let x(m) = -901*m - 301. Determine x(-1).
600
Let p(b) = -539*b + 4318. What is p(8)?
6
Let i(z) = -z**3 - 37. Give i(-3).
-10
Let n(f) = -99*f + 1276. What is n(13)?
-11
Let i(c) = -33*c**2 - 29*c + 126. Calculate i(5).
-844
Let f(d) = 48*d + 471. Calculate f(-10).
-9
Let u(h) = 87*h + 9258. What is u(-107)?
-51
Let j(k) = 391*k - 4303. Determine j(11).
-2
Let z(l) = -2227*l + 6674. Calculate z(3).
-7
Let g(o) = o**2 + 47*o - 1001. Give g(-62).
-71
Let i(g) = -2*g**3 - 103*g**2 + 54*g + 115. Give i(-52).
11
Let o(p) = -p**3 - 89*p**2 + 3871*p - 9. Calculate o(32).
-41
Let a(t) = -t**2 - 231*t - 230. Give a(-1).
0
Let v(y) = 393*y + 14526. Give v(-37).
-15
Let a(n) = -n**3 + 9*n**2 + 22*n + 6. Determine a(-2).
6
Let b(m) = -214*m - 1984. Determine b(-9).
-58
Let o(q) = q**3 - 24*q**2 - 58*q - 6. Calculate o(26).
-162
Let w(b) = b**2 + 11*b + 17. What is w(-24)?
329
Let l(s) = -s**2 + 6041*s - 54304. Determine l(9).
-16
Let i(m) = -97*m - 138. What is i(-2)?
56
Let s(b) = -b**3 - 40*b**2 + 182*b + 296. Calculate s(-44).
32
Let f(h) = -4*h**3 - 43*h**2 - h - 126. Determine f(-11).
6
Let a(q) = q**2 - 57*q + 752. Give a(37).
12
Let r(j) = -5*j**2 + 81*j + 71. Give r(16).
87
Let s(b) = 8*b - 71. What is s(-3)?
-95
Let s(p) = -p**3 + 23*p**2 - 59*p + 387. Calculate s(21).
30
Let f(p) = -932*p + 3760. Give f(4).
32
Let a(t) = -19*t + 416. Calculate a(25).
-59
Let h(k) = 3*k**2 + 72*k - 6. Determine h(-20).
-246
Let p(z) = z**3 + 25*z**2 + 47*z + 1. What is p(-23)?
-22
Let c(l) = -2*l**2 - 20*l - 34. Give c(-7).
8
Let x(g) = -3*g**2 + 107*g + 49. Determine x(36).
13
Let b(r) = -r**2 - 9*r - 10. Give b(-13).
-62
Let r(l) = l**3 + 16*l**2 + 10*l - 252. Determine r(-14).
0
Let j(q) = -58*q + 1626. Determine j(28).
2
Let r(b) = 2*b**3 - 21*b**2 - 41*b + 411. Determine r(11).
81
Let k(n) = 24*n**2 - 6*n - 8. Give k(-2).
100
Let x(t) = -t**3 - 10*t**2 + 45*t + 9. Calculate x(4).
-35
Let i(t) = 23*t + 375. Give i(18).
789
Let o(m) = 112*m**2 + 29007*m - 264. What is o(-259)?
-5
Let f(d) = -d**3 + 13*d**2 + 159*d + 31. Calculate f(20).
411
Let c(y) = -3*y**2 + 18*y - 20. Calculate c(8).
-68
Let o(k) = 6*k**2 - 88*k + 10. Determine o(15).
40
Let h(g) = 7*g**2 + 49*g + 12. What is h(-6)?
-30
Let x(p) = -5*p**2 - 11*p - 13. What is x(-4)?
-49
Let r(v) = 29*v**2 - 3189*v - 114. Give r(110).
-4
Let q(t) = -t**2 - 189*t + 17151. Determine q(67).
-1
Let c(j) = 2*j**3 - 13*j**2 + 31*j - 153. What is c(6)?
-3
Let v(y) = -2*y**2 - 97*y + 887. What is v(-56)?
47
Let m(q) = -179*q - 209. Give m(-1).
-30
Let o(u) = -203*u + 65. What is o(1)?
-138
Let l(w) = 5*w**3 + 141*w**2 + 41*w + 343. Determine l(-28).
-21
Let t(w) = -w**3 + 9*w**2 + 34*w + 8. Determine t(12).
-16
Let l(v) = -v**3 - 14*v**2 - 29*v - 48. What is l(-12)?
12
Let x(w) = -108*w + 2034. Give x(19).
-18
Let s(p) = -638*p - 7071. What is s(-11)?
-53
Let w(o) = 2*o**2 + 98*o - 257. Calculate w(-49).
-257
Let i(o) = 4*o**2 - 10*o + 99. Determine i(0).
99
Let d(v) = v**3 - 23*v**2 - 22*v - 86. Determine d(24).
-38
Let t(p) = 90*p - 1826. Calculate t(20).
-26
Let h(r) = 3*r**2 - 11*r - 10. Give h(9).
134
Let f(m) = -m**3 + 54*m**2 + 55*m + 2. Determine f(55).
2
Let f(o) = -42*o + 1452. What is f(36)?
-60
Let c(d) = -d**3 + 6*d**2 + 26*d - 114. Determine c(8).
-34
Let x(n) = 167*n**2 - 13863*n + 162. Calculate x(83).
-4
Let f(y) = 7*y - 501. Calculate f(65).
-46
Let k(h) = 668*h - 7034. What is k(11)?
314
Let x(f) = -36*f + 69. Calculate x(11).
-327
Let i(m) = -m**3 + 221*m**2 - 1501*m + 32. What is i(7)?
11
Let g(q) = -312*q + 1895. Calculate g(6).
23
Let n(d) = -8*d - 926. What is n(-15)?
-806
Let u(l) = l**3 - 3*l**2 + 2*l + 112. Give u(0).
112
Let l(w) = -207*w**2 - 115*w + 116. What is l(1)?
-206
Let i(n) = 73*n + 1567. Determine i(-20).
107
Let a(g) = 34*g**3 - 4*g**2 + 2. Determine a(-1).
-36
Let i(f) = 2*f**3 - 181*f**2 + 61*f - 13836. Calculate i(91).
-4
Let d(v) = 35*v**2 + 422*v + 83. What is d(-12)?
59
Let p(t) = t**3 - 71*t**2 + 392*t - 110. Determine p(65).
20
Let s(w) = 2*w - 183. Determine s(14).
-155
Let o(i) = -17*i**3 + 3*i**2 - 2*i - 7. Determine o(-3).
485
Let x(m) = -m**3 - 3*m**2 + 10*m - 7. Calculate x(-4).
-31
Let p(g) = 28*g - 482. What is p(28)?
302
Let n(m) = -m**2 + 11*m + 161. Determine n(21).
-49
Let g(j) = j**3 + 19*j**2 + 19*j + 1. Determine g(-18).
-17
Let k(m) = -30*m**2 + 7*m - 11. Give k(5).
-726
Let d(b) = -9*b**2 + 406*b - 1205. Give d(3).
-68
Let n(p) = -341*p - 989. Give n(-4).
375
Let n(j) = 3*j**3 + 15*j**2 - 116*j - 65. Give n(-9).
7
Let h(z) = 3*z**2 + 68*z + 4. What is h(-3)?
-173
Let x(r) = 376*r - 132. What is x(1)?
244
Let q(b) = 19*b**3 + 2*b**2 - b - 2. Determine q(-1).
-18
Let z(n) = 3*n**3 + 11*n**2 - 31*n - 4. Calculate z(-5).
51
Let k(h) = -21*h**2 + 152*h + 940. Give k(-6).
-728
Let h(i) = -12*i**3 - 16*i**2 + 7*i - 9. What is h(-3)?
150
Let p(b) = -2*b**3 - 27*b**2 - 9. Determine p(0).
-9
Let d(j) = 6*j**2 + 576*j + 10920. What is d(-26)?
0
Let w(z) = -13*z + 183. Determine w(22).
-103
Let r(z) = 76*z + 1153. Give r(-15).
13
Let f(c) = -172*c + 525. Calculate f(3).
9
Let w(z) = 40*z + 30. Calculate w(-2).
-50
Let w(d) = 5*d**2 - 33*d - 40. Determine w(6).
-58
Let i(u) = 15*u**2 + 10*u + 16. Determine i(-2).
56
Let p(y) = -y**2 - 75*y + 318. What is p(-69)?
732
Let i(f) = -f**3 - 91*f**2 + 378*f - 199. Determine i(-95).
-9
Let m(k) = 2*k**3 + 18*k**2 - 41*k + 104. Give m(-11).
71
Let m(w) = w**3 - 39*w**2 + 38*w - 70. Determine m(38).
-70
Let w(y) = -15*y + 10. What is w(-18)?
280
Let p(c) = c**3 + 27*c**2 + 122*c - 56. Calculate p(-21).
28
Let s(x) = -79*x**3 - 3*x**2 - 11*x + 15. Determine s(1).
-78
Let i(y) = 13*y + 450. What is i(-26)?
112
Let r(h) = 33*h - 46. What is r(4)?
86
Let s(m) = 5*m**2 + 42*m. What is s(0)?
0
Let f(s) = -7*s**2 + 3*s + 474. Give f(-8).
2
Let t(b) = 3*b**3 - 181*b**2 + 7*b + 3195. Give t(60).
15
Let m(o) = -o**3 - 38*o**2 - 39*o - 81. Calculate m(-37).
-7
Let q(k) = -k**3 + 11*k**2 + 25*k - 21. Determine q(13).
-34
Let t(a) = -159*a + 4029. Calculate t(25).
54
Let y(t) = 599*t + 1187. What is y(-2)?
-11
Let z(y) = y**3 + 145*y**2 + 19*y + 2722. Give z(-145).
-33
Let p(x) = -2*x**3 + 62*x**2 + 8*x - 8. Determine p(31).
240
Let p(q) = -q**2 - 1037*q + 6264. Give p(6).
6
Let x(t) = t**3 - 15*t**2 - 95*t + 354. Calculate x(19).
-7
Let t(g) = -6*g + 27. Calculate t(-3).
45
Let j(u) = -436*u - 3919. Calculate j(-9).
5
Let k(g) = 856*g + 20547. Give k(-24).
3
Let x(z) = 10*z**2 + 284*z - 1101. What is x(-32)?
51
Let w(r) = 339*r**3 - 3395*r**2 + 53*r - 25. What is w(10)?
5
Let d(o) = -455*o - 716. Give d(-2).
194
Let b(n) = -102*n + 216. What is b(2)?
12
Let f(h) = h**2 + 59*h - 1675. What is f(21)?
5
Let w(k) = -k**3 + 29*k**2 - 99*k - 505. Determine w(24).
-1
Let a(w) = -33*w**2 + 259*w - 29. What is a(7)?
167
Let n(w) = -w**2 - 268*w + 1921. Calculate n(7).
-4
Let j(h) = 3*h**2 - 66*h - 17. Determine j(23).
52
Let d(v) = 4973*v + 29842. What is d(-6)?
4
Let l(i) = -105*i - 4307. Determine l(-41).
-2
Let p(g) = 2*g**2 - 4962*g + 59253. Calculate p(12).
-3
Let k(v) = -398*v + 2132. Give k(6).
-256
Let c(k) = -26*k**2 + 7*k - 6. Determine c(1).
-25
Let n(i) = -i**2 + 40*i - 216. What is n(6)?
-12
Let c(l) = -l**3 + 54*l**2 + 43*l + 663. Determine c(55).
3
Let r(m) = 595*m + 7707. Calculate r(-13).
-28
Let a(m) = -481*m + 1788. Give a(5).
-617
Let s(j) = j**3 - 95*j**2 - 194*j - 17. Give s(97).
-17
Let y(m) = m + 52. What is y(-2)?
50
Let f(t) = -24*t**2 - 957*t + 71. Give f(-40).
-49
Let o(p) = -p**3 - p**2 + p + 17. Calculate o(0).
17
Let b(v) = 3*v**2 - 11*v - 17. Gi